= -s**3 - 52*s**2 - 102*s - 2779. Give w(-51).
-178
Let t(q) = -933*q**2 + 6263*q + 1881. Determine t(7).
5
Let k(n) = -2*n**2 - 2370*n + 45761. Calculate k(19).
9
Let w(t) = t**2 + 124*t + 1619. Determine w(-31).
-1264
Let l(g) = 774*g + 1243. Calculate l(-2).
-305
Let v(i) = 34812*i + 68801. What is v(-2)?
-823
Let n(x) = 12598*x + 592203. Calculate n(-47).
97
Let w(j) = -75*j**2 - 3893*j + 385. Calculate w(-52).
21
Let n(m) = -m**2 - 1255*m - 60699. Determine n(-50).
-449
Let h(i) = 397344*i - 3576116. What is h(9)?
-20
Let k(p) = p**3 - 43*p**2 + 304*p + 5. What is k(12)?
-811
Let s(h) = -14*h + 1175. Calculate s(11).
1021
Let l(m) = 7200*m - 3060072. Calculate l(425).
-72
Let o(v) = 2*v**3 + 36*v**2 - 76*v - 1788. Give o(-18).
-420
Let i(m) = m**3 - 35*m**2 - 336*m - 2478. Determine i(44).
162
Let s(l) = l**2 + 150*l + 7259. What is s(-65)?
1734
Let c(k) = 6*k**2 + 1821*k - 9262. Give c(5).
-7
Let m(t) = -396*t + 6169. Calculate m(15).
229
Let v(c) = 436*c - 10971. Give v(28).
1237
Let l(m) = m**3 - 343*m**2 - 2113*m + 6557. Determine l(349).
-74
Let d(n) = 1606197*n - 32123945. What is d(20)?
-5
Let x(g) = -2*g**3 + 423*g**2 - 671*g + 8601. Determine x(210).
-9
Let o(z) = -2816*z + 56228. What is o(20)?
-92
Let y(n) = 10719*n - 85746. What is y(8)?
6
Let h(f) = -f**2 - 7391*f - 534319. Give h(-73).
-105
Let h(p) = -185*p**2 - 1612*p - 39. What is h(-10)?
-2419
Let k(c) = 10*c**2 - 26*c - 285. Calculate k(-3).
-117
Let t(a) = a**3 + 12*a**2 + 728*a - 11. Determine t(0).
-11
Let v(a) = -35*a**2 + 85*a - 328. What is v(3)?
-388
Let k(c) = -2972*c + 17240. Give k(6).
-592
Let z(n) = -9628*n + 125164. Give z(13).
0
Let k(u) = -u**2 - 2*u + 166. Give k(34).
-1058
Let l(o) = 1746*o - 157125. Calculate l(90).
15
Let k(z) = -2772*z + 233333. Calculate k(84).
485
Let o(g) = -g**2 - 1409*g - 295095. Determine o(-256).
73
Let q(c) = -18*c**2 + 707*c - 408. Calculate q(42).
-2466
Let q(b) = -6*b**3 + 61*b**2 + 10*b - 80. Give q(11).
-575
Let x(d) = d**3 - 14*d**2 - 224. What is x(13)?
-393
Let i(j) = j**3 + 3*j**2 - 45*j + 529. What is i(10)?
1379
Let y(k) = 3620*k - 1133095. Determine y(313).
-35
Let g(s) = 10*s**3 + 742*s**2 + 153*s + 518. What is g(-74)?
148
Let q(a) = -308*a + 44856. Calculate q(145).
196
Let q(x) = -27*x**2 + 162*x - 300. Give q(13).
-2757
Let p(b) = -297*b**3 + 1148*b**2 + 248*b - 354. Determine p(4).
-2
Let i(b) = 3*b**2 - 136*b - 10877. Determine i(87).
-2
Let c(u) = -u**3 + 62*u**2 - 1053*u + 2796. Calculate c(30).
6
Let x(k) = -12329*k + 3328826. Calculate x(270).
-4
Let y(p) = -83970*p + 923607. What is y(11)?
-63
Let p(s) = -5*s**3 - 5923*s**2 - 35366*s - 3. Calculate p(-6).
45
Let w(h) = -h**2 - 970*h - 29476. Calculate w(-29).
-2187
Let r(d) = -1481*d + 27629. What is r(19)?
-510
Let w(o) = -3*o**2 + 646*o - 9017. Determine w(15).
-2
Let z(a) = -a**2 + 1756*a - 41666. What is z(24)?
-98
Let a(u) = -606*u**2 + 4832*u + 23. Calculate a(6).
7199
Let q(r) = 9*r**2 + 1019*r + 1280. Give q(-112).
48
Let d(k) = -2*k**3 + 160*k**2 + 176*k - 238. What is d(81)?
896
Let y(c) = 27030*c + 189213. Determine y(-7).
3
Let l(q) = -24*q**2 + 322*q - 101. What is l(13)?
29
Let i(b) = 45*b**2 - 736*b - 70. What is i(21)?
4319
Let m(p) = -364*p**2 - 3434*p - 3435. Give m(-1).
-365
Let j(v) = -916*v - 481704. Calculate j(-526).
112
Let f(o) = 247764*o - 31713789. What is f(128)?
3
Let m(g) = 3*g**3 + 29*g**2 - 7*g + 68. Give m(-11).
-339
Let r(d) = -56*d**2 - 19047*d + 16842. Give r(-341).
133
Let o(f) = 3335*f + 710346. What is o(-213)?
-9
Let g(m) = 5*m**2 + 2700*m - 33139. Calculate g(12).
-19
Let t(l) = -5*l**2 + 304*l + 1460. What is t(-5)?
-185
Let g(u) = u**3 - 15*u**2 - 4126*u - 1353. Give g(-57).
-99
Let h(u) = -5*u**3 - 280*u**2 + 252*u - 1891. Determine h(-57).
-10
Let d(c) = 4429*c + 26460. Give d(-6).
-114
Let a(t) = -15702*t - 580997. What is a(-37)?
-23
Let u(a) = 2*a**3 - 252*a**2 + 485*a + 529. What is u(124)?
-835
Let a(b) = 130*b**3 + 481*b**2 - 485*b + 4. What is a(1)?
130
Let r(l) = l**2 - 2131216*l - 12787340. Calculate r(-6).
-8
Let g(t) = t**2 + 8*t - 17940. Determine g(117).
-3315
Let c(k) = 6*k**2 + 539*k + 2537. Give c(-5).
-8
Let b(q) = -2*q**2 + 739*q + 4006. Calculate b(375).
-119
Let u(d) = -788*d - 7561. Give u(-10).
319
Let m(h) = h**3 - 61*h**2 + 12*h - 770. Determine m(61).
-38
Let x(a) = 12*a**2 + 6765*a - 61846. What is x(9)?
11
Let g(p) = -p**3 + 126*p**2 + 644*p + 1226. Calculate g(131).
-215
Let h(n) = -8*n**3 + 15*n**2 - 15*n - 21. Give h(-4).
791
Let w(i) = -13*i**3 - 375*i**2 - 20*i - 1781. Calculate w(-29).
481
Let d(y) = y**3 + 17*y**2 - 20*y - 402. Calculate d(-16).
174
Let y(a) = 9*a**3 - 649*a**2 + 96*a - 277. Determine y(72).
1451
Let x(o) = 124*o + 732. What is x(5)?
1352
Let p(t) = -38*t**2 + 980*t + 118. Calculate p(25).
868
Let c(o) = -4596*o + 202216. What is c(44)?
-8
Let a(d) = -d**2 + 95604*d - 382397. What is a(4)?
3
Let t(z) = -2*z**3 - 20*z**2 + 129*z - 28. Calculate t(8).
-1300
Let a(r) = -60*r + 399. Determine a(19).
-741
Let c(m) = 10*m**2 - 1135*m + 1747. Give c(118).
7057
Let h(z) = 14*z**2 + 1942*z - 14923. What is h(-146)?
-31
Let t(z) = -4*z**3 + 58*z**2 + 13*z - 110. What is t(7)?
1451
Let r(a) = -a**2 - 142*a - 4803. Calculate r(-56).
13
Let j(l) = 7*l**3 - 134*l**2 + 541*l - 31. What is j(18)?
7115
Let a(g) = -g**3 - 60*g**2 - 21*g + 449. Give a(0).
449
Let k(m) = 8*m**2 + 210*m - 1424. Give k(-32).
48
Let q(z) = -2*z**2 - 707*z + 4936. Give q(7).
-111
Let r(m) = -3538*m**2 - 42454*m + 23. Determine r(-12).
-1
Let k(f) = 10323*f - 268390. Calculate k(26).
8
Let g(u) = -u**3 + 74*u**2 + 287*u + 15455. Calculate g(80).
15
Let x(r) = 3080297*r + 36963571. What is x(-12)?
7
Let p(x) = x**3 + 371*x**2 + 1868*x - 247516. Give p(-364).
4
Let d(n) = -358*n + 16450. Calculate d(45).
340
Let a(i) = 6312*i - 6081. Calculate a(1).
231
Let g(t) = 174*t + 1944. Calculate g(-1).
1770
Let p(d) = -131*d + 14357. Calculate p(109).
78
Let z(d) = -5*d**2 - 263*d + 12571. Determine z(-83).
-45
Let p(l) = -6*l**3 + 3390*l**2 + 749*l - 423189. Determine p(565).
-4
Let v(n) = -2*n**3 + 451*n**2 + 1144*n - 917. Calculate v(228).
-5
Let n(i) = 3643*i - 277087. Give n(76).
-219
Let v(p) = -17543*p - 105247. Determine v(-6).
11
Let z(h) = 5*h**3 + 2*h**2 - 8*h - 10. What is z(-3)?
-103
Let z(o) = o**2 - 5704*o - 154268. Determine z(-27).
469
Let c(k) = 48*k**2 + 2092*k + 13091. What is c(-36)?
-13
Let b(d) = d**2 - 214*d + 7085. What is b(41)?
-8
Let u(z) = -1730*z + 129687. Calculate u(75).
-63
Let f(l) = l**3 - 68*l**2 + 801*l - 2471. Determine f(54).
-41
Let l(n) = -88*n**3 - 31*n**2 - 14*n - 9. What is l(3)?
-2706
Let m(t) = t**3 - 164*t**2 + 633*t - 1542. Determine m(160).
-2662
Let n(f) = -240826*f + 133. Calculate n(0).
133
Let m(s) = 30*s + 1600. Determine m(-11).
1270
Let c(r) = -3677*r - 3622. Determine c(-1).
55
Let k(v) = v**3 - 104*v**2 + 93*v + 994. Calculate k(103).
-36
Let c(z) = 3*z**3 - 46*z**2 - 48*z - 744. Determine c(17).
-115
Let v(f) = -68*f**3 + 2*f**2 + 302*f - 603. Give v(2).
-535
Let n(g) = 16*g**2 + 2984*g - 29766. What is n(10)?
1674
Let u(b) = 4887*b + 591323. Calculate u(-121).
-4
Let t(j) = -j**3 + 38*j**2 - 50*j - 480. Determine t(35).
1445
Let y(g) = 3686*g - 59182. Determine y(16).
-206
Let k(p) = -147548*p - 48543293. Give k(-329).
-1
Let d(l) = l**2 + 4158*l - 981557. Calculate d(224).
11
Let s(m) = -477605*m - 13850547. Determine s(-29).
-2
Let f(w) = w**3 - 6*w**2 + 5441*w - 83683. Determine f(15).
-43
Let r(d) = -d**2 + 130*d - 1479. Determine r(13).
42
Let i(d) = -d**2 - 3437*d - 1533566. What is i(-527)?
4
Let m(x) = 158*x**2 + 887*x - 382. Give m(-6).
-16
Let c(v) = -v**2 - 39142*v + 274032. Give c(7).
-11
Let c(a) = -3161*a + 319212. What is c(101)?
-49
Let d(k) = 2*k**2 - 157*k - 2425. Calculate d(-13).
-46
Let g(s) = -978247*s + 7825964. Determine g(8).
-12
Let j(f) = f**3 - 2131*f**2 - 6402*f + 4. What is j(-3)?
4
Let m(p) = -2266*p + 160906. Calculate m(71).
20
Let t(u) = -4*u**2 + 284*u + 5858. Give t(87).
290
Let a(r) = 411*r**2 + 7379*r - 14753. Determine a(2).
1649
Let s(w) = -2*w**2 + 401*w + 15233. What is s(233)?
88
Let a(h) = 3665*h + 11002. Calculate a(-3).
7
Let z(r) = -6*r**2 + r + 1185. Calculate z(14).
23
Let o(s) = s**3 + s**2 + 149